tor of 81 and 33.
3
What is the greatest common factor of 27 and 5652?
9
Calculate the highest common factor of 7776 and 544.
32
What is the greatest common divisor of 75 and 100?
25
What is the greatest common divisor of 119 and 1547?
119
Calculate the highest common factor of 53 and 2.
1
Calculate the highest common divisor of 55 and 715.
55
Calculate the greatest common factor of 300 and 2300.
100
Calculate the greatest common factor of 159 and 265.
53
Calculate the highest common divisor of 1908 and 1484.
212
Calculate the greatest common factor of 24 and 5916.
12
Calculate the highest common divisor of 43 and 6407.
43
What is the highest common factor of 17796 and 24?
12
What is the highest common factor of 12 and 3636?
12
Calculate the greatest common factor of 2726 and 94.
94
Calculate the highest common divisor of 255 and 51.
51
What is the greatest common divisor of 315 and 4032?
63
Calculate the highest common divisor of 252 and 108.
36
What is the highest common divisor of 76 and 4?
4
Calculate the highest common divisor of 1208 and 151.
151
Calculate the highest common factor of 361 and 95.
19
What is the highest common factor of 26 and 1?
1
Calculate the highest common divisor of 650 and 3185.
65
What is the greatest common divisor of 561 and 3077?
17
What is the greatest common divisor of 783 and 145?
29
What is the highest common divisor of 1024 and 8?
8
What is the highest common divisor of 585 and 180?
45
Calculate the greatest common factor of 312 and 384.
24
What is the greatest common factor of 63 and 791?
7
Calculate the greatest common factor of 99 and 77.
11
What is the highest common divisor of 240 and 528?
48
What is the highest common factor of 64 and 200?
8
Calculate the highest common divisor of 2888 and 40.
8
Calculate the greatest common divisor of 1332 and 252.
36
Calculate the greatest common factor of 135 and 15.
15
Calculate the highest common factor of 47 and 25.
1
What is the highest common factor of 1444 and 4?
4
What is the highest common factor of 428 and 321?
107
Calculate the greatest common divisor of 125 and 5.
5
What is the greatest common divisor of 192 and 1056?
96
Calculate the greatest common divisor of 80 and 128.
16
Calculate the highest common divisor of 342 and 117.
9
Calculate the highest common factor of 1271 and 31.
31
What is the highest common factor of 869 and 143?
11
What is the greatest common factor of 2085 and 556?
139
What is the greatest common divisor of 24 and 36?
12
What is the highest common divisor of 54 and 33102?
54
What is the greatest common factor of 9 and 1413?
9
Calculate the highest common factor of 10 and 24640.
10
What is the greatest common divisor of 2576 and 224?
112
What is the greatest common divisor of 5579 and 7?
7
What is the highest common factor of 230 and 10?
10
What is the highest common factor of 207 and 1403?
23
Calculate the highest common factor of 35 and 1575.
35
What is the highest common factor of 60 and 4020?
60
What is the greatest common divisor of 156 and 6630?
78
Calculate the greatest common divisor of 254 and 2413.
127
Calculate the greatest common divisor of 145 and 377.
29
Calculate the greatest common divisor of 24 and 312.
24
What is the highest common divisor of 5180 and 700?
140
Calculate the greatest common divisor of 95 and 513.
19
What is the highest common factor of 102 and 272?
34
What is the highest common factor of 70 and 70?
70
Calculate the highest common divisor of 561 and 4059.
33
What is the highest common factor of 391 and 92?
23
Calculate the highest common divisor of 1106 and 14.
14
What is the highest common divisor of 841 and 232?
29
What is the highest common factor of 11740 and 20?
20
Calculate the highest common factor of 29 and 4843.
29
What is the greatest common divisor of 92 and 32?
4
What is the highest common factor of 1529 and 11?
11
What is the highest common factor of 1953 and 21?
21
Calculate the highest common factor of 237 and 158.
79
What is the highest common factor of 360 and 120?
120
What is the greatest common divisor of 310 and 70?
10
Calculate the highest common divisor of 7 and 11.
1
Calculate the greatest common factor of 12103 and 76.
19
What is the greatest common divisor of 48 and 378?
6
What is the greatest common divisor of 20 and 10?
10
What is the greatest common divisor of 920 and 40?
40
Calculate the greatest common factor of 96 and 264.
24
Calculate the greatest common divisor of 110 and 1705.
55
Calculate the greatest common factor of 10266 and 531.
177
Calculate the greatest common divisor of 32 and 64.
32
Calculate the greatest common factor of 150 and 850.
50
What is the highest common factor of 330 and 9966?
66
What is the highest common divisor of 47992 and 56?
56
Calculate the highest common divisor of 180 and 36.
36
Calculate the highest common divisor of 99 and 5877.
9
What is the greatest common factor of 713 and 184?
23
Calculate the highest common divisor of 620 and 2060.
20
Calculate the highest common divisor of 350 and 14.
14
Calculate the highest common divisor of 2250 and 70.
10
What is the greatest common divisor of 15 and 10095?
15
Calculate the highest common divisor of 11837 and 532.
133
Calculate the highest common divisor of 12 and 192.
12
What is the greatest common factor of 12 and 10?
2
What is the highest common divisor of 786 and 6?
6
Calculate the greatest common divisor of 245 and 35.
35
Calculate the greatest common factor of 10 and 250.
10
Calculate the highest common factor of 722 and 266.
38
Calculate the highest common factor of 101 and 15857.
101
Calculate the greatest common factor of 200 and 225.
25
What is the highest common factor of 564 and 8883?
141
What is the highest common divisor of 30 and 6954?
6
What is the greatest common factor of 378 and 162?
54
What is the greatest common divisor of 1001 and 104?
13
What is the highest common factor of 60 and 640?
20
What is the greatest common factor of 8460 and 47?
47
Calculate the highest common factor of 1379 and 21.
7
Calculate the highest common divisor of 688 and 1204.
172
What is the highest common divisor of 1425 and 57?
57
What is the greatest common divisor of 22 and 11?
11
Calculate the greatest common factor of 400 and 125.
25
What is the highest common factor of 3577 and 245?
49
Calculate the greatest common divisor of 3640 and 234.
26
Calculate the greatest common factor of 798 and 42.
42
Calculate the greatest common factor of 1 and 1777.
1
What is the greatest common divisor of 1 and 193?
1
Calculate the greatest common divisor of 55 and 66.
11
Calculate the highest common divisor of 171 and 114.
57
What is the greatest common divisor of 472 and 116?
4
What is the greatest common divisor of 17 and 1?
1
What is the highest common divisor of 87 and 4?
1
Calculate the highest common factor of 260 and 104.
52
Calculate the greatest common divisor of 7670 and 20.
10
Calculate the greatest common divisor of 294 and 42.
42
What is the greatest common factor of 15 and 1071?
3
Calculate the greatest common factor of 441 and 36.
9
Calculate the highest common divisor of 17985 and 15.
15
What is the greatest common divisor of 1850 and 50?
50
What is the greatest common factor of 52 and 52?
52
Calculate the highest common divisor of 36974 and 1112.
278
What is the greatest common factor of 23 and 16560?
23
What is the highest common divisor of 22002 and 114?
114
What is the greatest common divisor of 225 and 11925?
225
What is the greatest common divisor of 369 and 18?
9
What is the greatest common divisor of 247 and 13?
13
Calculate the greatest common factor of 8 and 4096.
8
Calculate the greatest common divisor of 22 and 627.
11
What is the highest common factor of 20 and 20?
20
Calculate the greatest common divisor of 58 and 81722.
58
What is the greatest common factor of 9 and 26361?
9
Calculate the greatest common divisor of 69 and 15.
3
Calculate the greatest common factor of 96 and 32.
32
Calculate the highest common divisor of 51 and 1088.
17
Calculate the greatest common divisor of 611 and 94.
47
Calculate the greatest common factor of 3650 and 438.
146
Calculate the highest common divisor of 1029 and 21.
21
Calculate the highest common divisor of 149 and 2533.
149
What is the gre